number?
True
Let g(u) be the third derivative of -29*u**4/24 - 11*u**3/6 + 6*u**2. Is g(-6) a prime number?
True
Let g(t) = -t**3 - 9*t**2 - 10*t + 21. Let q be g(-11). Let y = q - -118. Is y a composite number?
False
Suppose b - 2*b + 4*y = -21, 3*b + 4*y = 31. Let o = b + -8. Suppose -4*r - 2*v = -50, -o*r - 2*v + 5*v + 46 = 0. Is r a composite number?
False
Is (-2)/(-3)*154608/32 composite?
False
Suppose -5*v - 124 = -2019. Is v a prime number?
True
Let z(y) = 13*y**2 + 7*y - 8. Let s be z(-6). Let j = s - 161. Is j a composite number?
False
Let t be (4/10)/(3/30). Is 78/2 + -4 + t prime?
False
Let d be (-2)/10 - (-130)/25. Let y(v) = -v - 2*v**2 - 8 - d + 3 + 4*v**2. Is y(-7) a composite number?
True
Let k = 8 + 19. Suppose 7 = -2*h + k. Let v(x) = x**3 - 9*x**2 - 10*x + 3. Is v(h) prime?
True
Let b = 87 + -95. Let o(n) = n + 1. Let q be o(-3). Is (-874)/b + q/8 composite?
False
Let m = -11233 - -18750. Is m composite?
False
Let c = 1166 - 609. Is c composite?
False
Let t(h) = h**2 - 5*h + 2. Let d be t(5). Is (4/(-8))/(d/(-148)) composite?
False
Suppose 0*s - 662 = -2*s. Is s prime?
True
Let y be (-2 - -2) + -2 + 3. Is 37 - (0 + -1)*y a prime number?
False
Suppose -5*p + 872 = -4*g - 30, 0 = 5*p - 3*g - 904. Suppose d - 5 = p. Is d composite?
True
Is (1 + 0)*(2 - -9) a composite number?
False
Suppose 0 = w + 3*w. Let t(f) = f**2 - f - 7. Let n be t(7). Suppose -z + n = -w*z. Is z a prime number?
False
Let h = 59 - 34. Suppose -5*v + 5*l + 57 = 2*l, l - h = -2*v. Let g = v + 31. Is g composite?
False
Suppose -w - 1 = -0. Let r be (-4)/(-6) + w/(-3). Is (r - -2)/(6/92) prime?
False
Let f = 10 + -2. Suppose -f = -b + 7. Suppose 3*p - b = -0*p, 0 = -2*h - 4*p + 62. Is h a prime number?
False
Let g(h) = h - 8. Let a be g(8). Suppose 2*s + 58 - 164 = a. Is s a composite number?
False
Let c = -1 - 14. Let d = c - -22. Is d prime?
True
Suppose 2*w - 7 - 3 = 0. Suppose -2*d + z + 36 = -29, -w*d + 170 = -5*z. Is d composite?
False
Let k(f) = -f**3 + 6*f**2 - 3*f - 7. Let a be k(6). Let d be ((-15)/a)/(2/10). Suppose 171 = 2*j - i + 60, -d*j + 144 = 3*i. Is j composite?
False
Suppose -4*h + 5 = w - 8*h, 20 = -3*w + 5*h. Is (62/(-6) + -2)*w prime?
False
Let i be 3 + -1 + (9 - 0). Let n(h) = -h**2 + 16*h + 3. Is n(i) prime?
False
Suppose 5*a - 990 = -25. Suppose -a = -4*t + 3*v, 0*t - 2*t - 4*v = -80. Is t a composite number?
True
Let c = -27 - -13. Is c*((-9)/6 + -1) a prime number?
False
Let s(w) = 3*w - 18*w**3 - 2*w**2 + 0 + 3 + 0. Is s(-2) prime?
False
Let h(o) = -31*o - 5. Suppose 4*x - 3*x = q - 1, 0 = 2*q + 4*x + 28. Is h(q) a prime number?
False
Let y = -43 - -70. Let i = -16 + y. Is i a composite number?
False
Suppose y = 2*s + 517 - 48, -2*y + 933 = -5*s. Is y prime?
True
Let i(r) = 2*r**3 - 10*r - r**3 + 12*r - 4 - 1. Is i(6) a composite number?
False
Suppose c = 2*c - 49. Is c a prime number?
False
Let l(z) = 50*z**2 + 5*z - 5. Is l(2) a composite number?
True
Suppose -4*a - 4*i + 312 = 0, 3*a + a - 332 = i. Is a composite?
True
Let g = -255 - -458. Is g prime?
False
Is ((-4904)/32)/(2/(-8)) prime?
True
Is 37713/(-26)*(-4)/6 a prime number?
True
Let u(j) = j**3 + 2*j**2 - 2*j + 21. Is u(0) composite?
True
Is 2/(-11) - (-13925)/55 a prime number?
False
Let b(z) = -z**2 - 2*z + 633. Is b(0) a composite number?
True
Let w(l) = l**2 - 2*l + 1. Let f be (4/(-6))/((-4)/(-30)). Let z be w(f). Suppose -54 = 5*j + 3*s - 175, 0 = -2*j + 5*s + z. Is j prime?
True
Let q = 6 + -6. Is (-3 + (q - -2))*-46 prime?
False
Suppose -57 + 16 = -2*j + w, j - 3*w - 33 = 0. Suppose 3*l = -2*u + 4*l + 7, -4*l = -3*u + j. Suppose 2*f + h = -f + 359, -115 = -f + u*h. Is f composite?
True
Is ((-1)/(-1)*1)/(3/4269) a composite number?
False
Let l(h) = -6*h - 3. Let p be l(-2). Let z(s) = s**2 - 9*s + 4. Let v be z(p). Suppose 2*j - v*j = -78. Is j prime?
False
Let m be 13/3 + 1/(-3). Suppose m*a + 31 = 379. Is a a prime number?
False
Let w(d) = -d**2 + 6*d - 10. Let f be w(-7). Let r = -322 - -476. Let v = r + f. Is v a composite number?
False
Let o(z) = 4*z - 2*z**2 + 4*z**2 - 3*z**2. Suppose -3*b = -b - 6. Is o(b) composite?
False
Suppose 3*d - k + 28 = 0, 4*k + 9 = 1. Let w be 6/((4/d)/(-2)). Suppose -5*x - w = -275. Is x a composite number?
True
Let d be -2 + (9/(-3))/3. Let j(b) = 4*b**2 - 3*b - 4. Let a be j(d). Suppose -3*c + a = m - 60, -3*m + 4*c = -355. Is m a prime number?
True
Let v(w) = -w + 2 + 18*w**3 - 1 + 0*w. Is v(2) composite?
True
Let p(h) be the second derivative of -2*h + 0 - 7/6*h**3 + 0*h**2. Is p(-5) a prime number?
False
Suppose -8*k + 11746 = 6*k. Is k prime?
True
Let k(y) = -2*y**2 + 17*y**3 - 2*y**2 + 5*y**2 - 107*y**3. Is k(-1) a prime number?
False
Suppose 0 = k - 76 + 13. Suppose 5*z - k = 2*z. Suppose m + 51 = 2*s, m + 3 = -s + z. Is s a prime number?
True
Let t = 445 + -260. Is t a composite number?
True
Suppose 50 = -4*s - 2*k + 16, -2*k - 2 = 0. Let u(l) = -4 - 3 - 7 - 11*l - l**2 + 15. Is u(s) composite?
True
Is (-1)/(-4) - ((-28)/16 - 1) prime?
True
Let a be 3*2*1/2. Let y be 1 + 64*(-15)/(-6). Suppose a*d - y = -44. Is d a prime number?
False
Let q(a) = -3*a**3 + 4*a**2 + 2*a - 7. Let b be q(5). Let y = b + 477. Is y a composite number?
True
Suppose 7*g + 0 = 14. Let m(i) = 3 + 0*i + 3*i - 5. Is m(g) prime?
False
Let b be (0 - 3)*(-1 + -1). Let j(y) be the third derivative of y**4/3 + 5*y**3/6 + y**2. Is j(b) composite?
False
Let i = -170 + 607. Is i a composite number?
True
Suppose -3*x = -5 - 7. Suppose -h + x*h - 177 = 0. Is h prime?
True
Suppose 0*n - 509 = -n. Suppose -5*h + 910 = 5*o, 246 + n = 4*o - 5*h. Is o prime?
False
Let g be (-1)/(-2)*-2*1. Let j = 69 - g. Let z = j + -35. Is z prime?
False
Let s(j) = j**2 + 2*j - 3. Suppose -5*p + 2*p + 13 = -b, 3*b + 23 = 5*p. Is s(p) composite?
True
Suppose 0 = 3*f - 4*q - 3659, -5*f - 3*q + 0*q + 6079 = 0. Is f a prime number?
True
Suppose -15 = 3*w, -6*s + 2*s = -4*w - 408. Is s prime?
True
Suppose 60 = n + 5*p, 2*p = 17 - 7. Is n composite?
True
Let h(z) = -8*z**2 + 2*z + 1. Let m be h(5). Is 6 + -4 - 1*m a composite number?
False
Suppose 3*k = -y + 527, 515 = y + 4*k - 7*k. Is y a prime number?
True
Is (-1)/(4 - 5)*109 a composite number?
False
Suppose -18 = -4*s + 10. Let h(f) = -f**2 + 8*f. Is h(s) a composite number?
False
Is (0 + 111/(-12))*-4 composite?
False
Is (-2)/(((-4)/862)/1) a composite number?
False
Is 1496 + (3 - ((2 - 2) + 2)) a prime number?
False
Let v(k) = -7*k + 0 - 9*k**2 + 8*k**2 + 1. Is v(-3) a prime number?
True
Suppose 0 = 3*p + 5*u - 2876, -236 - 4604 = -5*p + u. Is p prime?
True
Let f(t) = -2*t**3 - 2*t**2 + t - 4. Let b be f(-3). Let q = -36 - -79. Let d = q - b. Is d a prime number?
False
Let z(j) = -13*j**2 + 3*j - 1. Let h be z(3). Suppose -2*x + 5*x - 996 = 0. Let y = h + x. Is y a prime number?
True
Let f(m) = 2 - 1 + 5*m - 2*m + 2*m**2 + m**2. Is f(6) composite?
False
Let f be (1 - 0) + -2 + 5. Suppose -a - 345 = -f*a. Is a a prime number?
False
Suppose 0*c + c = -5*y + 10, 5*c = -5*y + 90. Suppose -2*h = -3*h - c. Let t = h - -147. Is t a prime number?
True
Let w = -166 - -645. Is w prime?
True
Let b = 1889 + -1123. Is b/4 + (-3)/6 composite?
False
Let s(r) = -129*r**3 + 2*r**2 - 3*r - 3. Let n be s(-2). Let f = 1750 - n. Is f a prime number?
False
Suppose 17*i = 24*i - 9373. Is i prime?
False
Let i = -138 + 651. Suppose -i = -4*k + 1731. Suppose -k = -3*u - 78. Is u prime?
False
Let o(p) = -p**3 + 2*p**2 + 2*p + 3. Let f be o(3). Suppose -4*b + 109 + 75 = f. Is b a prime number?
False
Suppose 2*u + u = -9. Is 1/(-1)*(u + -10) a composite number?
False
Suppose 10*o = 11*o - 10. Is o prime?
False
Let d = 20 + -6. Let q = d - 1. Is q a prime number?
True
Suppose 7*l + 1790 = 12*l. Is l prime?
False
Let j(x) = -x. Let t be j(-3). Suppose b - 175 = -0*u - u, u - t*b = 155. Suppose 3*k - k = u. Is k composite?
True
Suppose f - 174 = 1709. Is f a composite number?
True
Let u be (-1)/5 - (-21)/5. Let v be 40/u*15/2. Suppose 2*f - v = -3*f - 5*n, -5*n + 15 = -f. Is f a composite number?
True
Suppose -5*b - 9 = o, -2*o = 3*o + 5*b + 5. Let x(z) = 28*z**2 + z - 1. Let p be x(o). Suppose 2*f - p = -2*f. Is f a prime number?
True
Let d(k) = 11*k**2 + 8*k + 11. Let q be d(-10). Let c = -522 + q. Is c composite?
False
Let x be (-4)/(-2) - (-139)/1. Sup